- 2. Calculate m(t).
-3
Suppose 40 = -6*z + 4*z. Let a be 39/(-15) + (-12)/z. Let r(o) = 7*o + 2. Calculate r(a).
-12
Let j(p) = -1. Let d(i) be the third derivative of i**4/6 + i**3/6 + i**2. Let z(r) = -d(r) - 2*j(r). Determine z(2).
-7
Let l = 4 - 7. Let n = 8 + l. Let z(f) = 6*f**3 - 9*f**2 - 3*f - 11. Let p(k) = -7*k**3 + 10*k**2 + 3*k + 12. Let u(q) = -5*p(q) - 6*z(q). Calculate u(n).
-4
Let r = -10 + 13. Let k(q) = q**3 - 2*q**2 - q - 4. Determine k(r).
2
Let q(w) = -7*w**2 + w - 4. Let v(l) = -15*l**2 + l - 8. Let n(y) = -13*q(y) + 6*v(y). Determine n(5).
-6
Let m(g) = g**2 - 4*g - 4. Let c(b) = -b**2 + 4*b + 4. Let h(y) = -5*c(y) - 4*m(y). Calculate h(5).
1
Let c(i) = -i**2 + 3. Let s be (1 - 2)/((-3)/(-9)). Calculate c(s).
-6
Let d(k) = 2*k + 10. Let w(h) = -1. Let j(x) = -d(x) - 10*w(x). Let l be j(5). Let o be (15/l)/(2/4). Let f(y) = -2*y - 2. Calculate f(o).
4
Suppose 8 = -0*z + 4*z. Let q(x) = -3 + 2*x**2 + x**3 + z*x + 4*x**2 - x**2 + 5. Let t(h) = -2*h - 1. Let j be t(2). Determine q(j).
-8
Suppose 5*c - 5*h = 10, h + 3 = -2. Let r(g) = g**3 + 4*g**2 + 3*g + 2. Give r(c).
2
Let x(k) = k - 15. Let y be x(13). Let m(w) = w**2 + w. Calculate m(y).
2
Suppose -s + 32 - 3 = 2*f, 53 = 4*f + s. Suppose -5*i - f = -8*i. Let o(n) = -n**2 + 5*n - 2. Give o(i).
2
Let k(s) be the third derivative of -s**6/120 + 11*s**5/60 - 7*s**4/24 - 13*s**3/6 - 23*s**2. Give k(10).
17
Let b(j) = 3*j. Let n(q) = q**3 - 4*q**2 - q + 3. Let m be n(4). Let z be (1 - m) + (2 - 2). Give b(z).
6
Let n(w) be the first derivative of -2*w**4 + 2*w**3/3 + w**2 + w - 2. Calculate n(-1).
9
Suppose -5*p = 2*d + 3, -d + 8 = -4*p - 4*d. Let a(n) = n**2 + 6*n + 3. Let u be a(-6). Let v(i) = -9*i + 3 - p - u. Calculate v(-1).
8
Let p be (-1)/(-3)*(1 + 2). Let w(v) = -v**2 - 6*v + 10. Let b(q) = q - 1. Let k(t) = p*w(t) + 3*b(t). Calculate k(-5).
-3
Let t be (-1 + -2)/(9/12). Let l(n) = n**3 + 5*n**2 + 4*n - 3. Determine l(t).
-3
Let m(l) = -4*l - 2 - l**2 - l**3 - 6*l**2 + 7. Suppose -4 + 39 = -5*s - 5*b, 0 = -4*s - 3*b - 27. Give m(s).
-7
Suppose 4*m + m = -a - 16, 0 = 5*a + 5*m + 40. Let i(g) = g + 1. Give i(a).
-5
Let j(y) be the third derivative of -y**6/120 + y**5/60 + y**4/8 - y**3/6 - 5*y**2. What is j(2)?
1
Let t(a) = -a**2 + 5*a - 4. Suppose -203 = -4*p + 25. Suppose 3*z - 3*j - p = 0, 14 = z - 2*j - 3. Suppose -z = -r - 4*r - k, 5*k + 3 = 2*r. Give t(r).
0
Let z(m) = -4*m - 3. Let c = -6 + 4. Determine z(c).
5
Let d(m) be the third derivative of -m**7/840 + m**6/120 + m**5/30 + m**4/6 - m**3/6 - 3*m**2. Let k(t) be the first derivative of d(t). Determine k(4).
4
Let s = 10 - 6. Suppose 0 = -s*d + 7 - 3. Let x(l) = l - 1. What is x(d)?
0
Let c(a) be the third derivative of 1/30*a**5 + 1/120*a**6 + 1/2*a**3 + 1/12*a**4 + 0*a + a**2 + 0. Determine c(-2).
-1
Let j(c) = c**2 - 8*c + 5. Let o = -12 - -18. What is j(o)?
-7
Let g(b) = b**2 + 0 - 2*b**2 - 3 + 13*b - 10*b - b**3. Suppose 5*p - 9 = 3*w, w + 3 = 3*p - p. Determine g(w).
6
Let l(c) = c. Let i(k) = 12*k + 1. Let b(a) = -i(a) + 4*l(a). Let x be (3/(-6))/((-2)/(-4)). What is b(x)?
7
Let r(k) be the third derivative of k**6/120 - k**5/12 + k**4/8 - 5*k**3/6 + 18*k**2 + k. What is r(5)?
10
Let k(m) = -m**2 - 5*m. Let p(t) = 1. Let x(w) = -k(w) - p(w). Let i be x(-5). Let g(a) = 10*a**2 + 2*a + 1. Calculate g(i).
9
Let f(o) = -2*o**2 + o + 1. Let a(z) = -z**3 - 6*z**2 + 8*z + 3. Let t be a(-7). Let j be (-1)/t - (-5)/(-4). Give f(j).
-2
Suppose b = -0*b + 104. Suppose 4*f + 5*h - b = h, 106 = 5*f - h. Suppose 5*u + 5 = -4*s, 4*u + 0*s - f = 2*s. Let x(n) = n + 1. Calculate x(u).
4
Let p(x) be the first derivative of 3*x**2 + 4*x - 18. Calculate p(-4).
-20
Let l(b) = -b + 3 - 2 + 0*b + 5. Suppose 3 = g - 0. What is l(g)?
3
Let k(u) = u**2 - u + 1. Let w(s) be the third derivative of s**5/30 + s**4/8 + 3*s**2. Let g(t) = -k(t) - w(t). Give g(-2).
-9
Suppose 8 + 2 = 5*c. Suppose t = -2*a - 6, -5*t - 3*a - 6 = a. Let j(l) = 2 - c*l**t + 3*l + 4*l**2 - l**2. What is j(-4)?
6
Let c(w) = -w**2 - 7*w + 2. Let r = 21 + -29. Determine c(r).
-6
Suppose 4*y = 3*j + 17, 4*j = 4*y - 7*y - 6. Let p(z) = 0*z + 0*z + 4*z**3 + 2*z - 5*z**3. What is p(y)?
-4
Suppose 3*p - 3 = -2*v - 1, -v = p - 2. Let z(i) = 0*i - v*i + i + 2*i. Let a be (-3 - 0) + 2/(-2). What is z(a)?
4
Let a(i) be the second derivative of -i**3/6 - i**2 + 27*i. Calculate a(-2).
0
Let a(s) = s - 4. Let x(u) = -1. Let c be 2/8 - 33/(-12). Let h(b) = c*x(b) - a(b). What is h(4)?
-3
Let o(h) = h**2 - 3. Let w be o(4). Let b(m) = w - 8 - 4 - 8*m. Calculate b(1).
-7
Let a(r) = -10*r**2 - 16*r + 19. Let k(z) = -7*z**2 - 11*z + 13. Let h(c) = -5*a(c) + 7*k(c). Give h(-5).
6
Let m be (-60)/(-16) + (-5)/(-20). Let g(r) = 3*r**2 + 4 - 5*r - 6 + m + r**3. What is g(-4)?
6
Let y(p) be the second derivative of -p**4/12 + p**3/6 - p**2 - 8*p. Let w = 4 - 4. What is y(w)?
-2
Let t(o) = -o**3 - 7*o**2 - 6*o + 6. Suppose 3*p + p = -24. Give t(p).
6
Let x be (-6)/21*(1 + -15). Let p(r) = -r**3 + 5*r**2 - 3*r - 3. Determine p(x).
1
Let o be 52/(-14) + (-6)/21. Let s = -4 - o. Let b(c) = -2*c + c + s*c. What is b(4)?
-4
Suppose 5*x + 41 = -5*u + 11, 10 = -2*x. Let q(a) = 1 - a**2 + 9*a**2 + 5*a + 0*a - 3*a. Determine q(u).
7
Let t(f) be the second derivative of f**5/20 + f**4/12 + f**3/6 - 17*f**2/2 + 20*f. Determine t(0).
-17
Let y(d) = d**3 + 13*d**2 + 8*d - 13. Let i(o) = -o**2 + 1. Let h(l) = -3*i(l) - y(l). Let r be h(-9). Let w(j) = 8*j**2 - 2*j + 1. Determine w(r).
7
Let q be 2*(-3)/3 + 6. Suppose q*p = -0*p + 8. Let o(b) = -5*b - b**p + b - b + 2*b. What is o(-3)?
0
Let m(y) be the first derivative of 2 - 1/2*y**2 + 0*y. Let n be m(-3). Let x(l) = l**3 - 3*l**2 - l. What is x(n)?
-3
Let d(n) = 3 + 1 + 2*n**3 + n - 8*n**2 - n**3 + 5*n. Calculate d(7).
-3
Let x(n) = -14*n - 4. Let b be x(4). Let f be (b/(-10))/(0 + -2). Let p(z) = -2*z - 4. What is p(f)?
2
Let q be (-595)/21 + (-2)/(-6). Let z be 8/q - (-174)/21. Let d = z + -7. Let y(i) = -6*i**2 - i + 1. What is y(d)?
-6
Let d(u) = -u**3 + 4*u**2 + 2*u - 3. Let a = 43 + -31. Suppose -a = -0*r - 3*r. Give d(r).
5
Let m(x) = 102*x**2 - 54*x**2 - 56*x**2 - 1. Give m(1).
-9
Let m(p) = p - 2. Let k(i) = 3*i - 3. Let t(c) = -3*k(c) + 5*m(c). Let s(a) = a**3 - 8*a**2 + 5*a + 13. Let w be s(7). Determine t(w).
3
Suppose -5*n + 10 = -0*n. Let d(t) = -2*t - 24*t**2 + n*t - 2 + 23*t**2. Let r be 4/(-10) - (-48)/20. Determine d(r).
-6
Let u(x) be the second derivative of -x**4/12 - 7*x**3/6 - 5*x**2/2 - x. Let f be 2/((-4 - -9)/(-10)). What is u(f)?
7
Let y(x) = 44 + 7*x - 95 + 44 + x**2. Determine y(-7).
-7
Let g(v) = v**3 - 5*v**2 + v - 1. Let k(n) = n + 4. Let q(h) = -15*h - 55. Let f(w) = -55*k(w) - 4*q(w). Let j be (-1*1/1)/(-1). Let o be f(j). Calculate g(o).
4
Let i(s) = 2*s - 1. Let g be i(2). Suppose 0 = -5*h + 5*c + 25, 3*h + 0*c - g = -c. Let q(m) = -5 + h - m**2 + 5. Determine q(0).
2
Let l(b) = 40 - 5*b + 6*b - 42. Give l(6).
4
Let p(r) = -r**3 + 3*r**2 + 6*r - 3. Let q(k) = k - 8. Let v be q(6). Let w(s) = s + 6. Let j be w(v). Give p(j).
5
Let v(s) = -2*s**2 - 7*s - 12. Let p(u) = -u**2 - 4*u - 6. Let j(i) = -5*p(i) + 2*v(i). Calculate j(-6).
6
Let s(w) be the second derivative of w**4/6 + w**3/3 + w**2/2 - 4*w. Give s(-2).
5
Let g be 4/14 + 30/(-7). Let r(m) = -m**3 - 4*m**2 + 2*m + 4. Calculate r(g).
-4
Let n(s) be the second derivative of -s**5/60 - 7*s**4/24 + 2*s**2 - 5*s. Let z(g) be the first derivative of n(g). What is z(-5)?
10
Let b = -2 + 5. Suppose 13*o - 12*o = -b. Let c(k) be the second derivative of -k**3/6 - 3*k**2/2 + k. Calculate c(o).
0
Let h be (-1)/(-2)*(23 - 13). Let p(k) = -3*k**3 + 4 + 9*k - 4*k + 4*k**2 + 2*k**3. Calculate p(h).
4
Let h = -6 + 8. Let s(y) = -10*y**2 + 9 - h - 7*y + 2*y + 4*y**2 - y**3. Determine s(-5).
7
Let o be (1 - (1 + 2)) + 19. Suppose -3 = 5*h + o. Let v(w) be the second derivative of -w**5/20 - w**4/4 + w**3 + 3*w**2/2 - 102*w. Give v(h).
-5
Let v = -56 - -80. Suppose 0 = 2*h + 8, 3*i - i - 5*h - v = 0. Let f(t) = 5*t - 1 + 0*t - t**i - 2*t. Determine f(2).
1
Suppose -s + 4 = 0, 8*b - 6*b + 4*s - 6 = 0. Let u(f) = f**2 + 6*f - 5. Determine u(b).
-10
Suppose 0 = -5*y + 2*y - 12. Let a(r) = -r - 5. Calculate a(y).
-1
Let g(f) = -f**2 + 4*f - 2. Let c(q) = -q**2 + 2. Let 